 Suppose 1224 = g*h + y, y + 0 = -1. What is the greatest common divisor of h and 49?
49
Suppose 134 = 2*t + 2*i, 53*t - 48*t - 337 = -3*i. What is the greatest common divisor of t and 2176?
68
Let a(b) = b**3 + 7*b**2 - 9*b - 3. Let h be a(-7). Let r be 28 - 1 - (-6)/(-2). What is the greatest common divisor of r and h?
12
Suppose -4*w - 1 = -3*b, -3*w + 12 = b - 2*w. Let k = -1633 + 1661. Calculate the highest common factor of k and b.
7
Let j(l) = -l**3 + 20*l**2 - 26*l + 151. Let f be j(19). Suppose 0 = -5*q + 66 + 474. Calculate the highest common factor of q and f.
18
Suppose w + 2*w = 4*n + 241, 0 = -5*w - n + 440. What is the greatest common factor of w and 319?
29
Suppose -8*a - 1176 = -22*a. What is the highest common divisor of 42 and a?
42
Let w(t) be the second derivative of t**3/3 - 3*t**2 - 16*t. Let z be w(9). Calculate the highest common divisor of 4 and z.
4
Let w(z) = 5*z + 35. Let l be (-5)/4*18*2/(-3). Let c be w(l). What is the highest common factor of c and 10?
10
Suppose 100 = 5*y + 2*w, -4*y - 3*w + 62 = -5*w. Calculate the greatest common factor of 72 and y.
18
Let q(t) = 7*t - 27. Let h(b) = 6*b - 28. Let l(x) = 4*h(x) - 5*q(x). Let i be l(-11). Calculate the greatest common factor of 16 and i.
16
Let q(k) = -5*k - 12. Let y be q(-3). Suppose -2*n = -0*a + a - 17, -5*n + 41 = y*a. What is the greatest common factor of 50 and n?
10
Let g be 16/3 - (-1)/(-3). Suppose 10*n = g*n. Suppose n = 5*f - 336 + 36. What is the greatest common factor of 12 and f?
12
Let s(g) = -g**3 + 7*g**2 + 7*g - 5. Let n be s(7). Let f(q) = -2*q**2 + 76. Let d be f(-6). What is the greatest common divisor of d and n?
4
Suppose 27*t = 25*t + 450. Suppose 3*f - t = 153. Calculate the greatest common divisor of f and 84.
42
Suppose 0 = 5*x + 5*c, -2*x - 3*c - 9 = -8. What is the greatest common factor of 5 and x?
1
Let o(n) = n**3 - 8*n - 17. Let g be o(5). Let q be 40/15 - 2 - g/(-6). Calculate the highest common factor of q and 192.
12
Let r(a) = -a**3 + 12*a**2 + 4*a - 37. Let n be r(12). What is the highest common factor of 341 and n?
11
Suppose 0*k + 64 = 2*k. Let x be 190/4 + (-31)/(-62). What is the greatest common factor of k and x?
16
Let y = -884 + 898. What is the greatest common factor of 4 and y?
2
Let x(a) = -40*a - 6. Let b be x(-3). What is the greatest common factor of 57 and b?
57
Let k be 1032675/315 + (-2 - (-10)/6). What is the highest common divisor of k and 22?
22
Let h(b) = -b**2 - 13*b + 2. Let q be h(-13). Suppose 0 = q*w + 3*w. Suppose 4*x = -w*x + 64. What is the greatest common divisor of 2 and x?
2
Let w be ((-10)/(-2))/((-31)/(-713)). What is the greatest common divisor of 161 and w?
23
Suppose -5*i - 150 + 450 = 0. Let k be 1/(3/2) + 28/3. Calculate the greatest common factor of i and k.
10
Suppose -7*u + 635 = 516. Let g(q) = 4*q**2 + q - 2. Let k be g(-6). Calculate the highest common factor of u and k.
17
Let o = 489 + -455. Let j be 0 + (83 - 0) + 2. What is the highest common divisor of j and o?
17
Suppose -d = 46 - 10. Let w be (d/45)/(4/(-50)). Let x be 324/10 + (-4)/w. What is the highest common factor of 4 and x?
4
Let l be (12/30*5)/(2/12). Suppose l*s - 272 = 4*s. What is the greatest common divisor of 2 and s?
2
Suppose 0 = g - 2, -6*x + 4*g = -5*x - 7. Calculate the greatest common factor of x and 33.
3
Suppose 11*f - 282 = 81. What is the highest common divisor of 231 and f?
33
Suppose r - 5*u + 14 - 275 = 0, 0 = -5*r - 5*u + 1305. What is the greatest common divisor of r and 9?
9
Let v = 92 + -14. Let l = v - 23. Suppose 9*o - 50 = 49. What is the highest common divisor of o and l?
11
Let g be (-2)/6 + 16/12. Let f be (-14)/(-35) - 24/10. Let x be (30/40)/(f/(-24)). Calculate the greatest common factor of g and x.
1
Let r be 18*(0 + 1 + 2/(-4)). Suppose -54 = 9*h - 12*h. What is the highest common divisor of h and r?
9
Let l = -817 + 1514. Calculate the highest common divisor of l and 17.
17
Let a(z) = -z**2 - 11*z. Let o be a(-11). Suppose o*v - 4*v + 20 = 0. Suppose 4*k = v*t - t - 12, 4*k - 6 = t. Calculate the highest common divisor of 54 and t.
6
Suppose 0 = -2*z - 57 + 101. What is the greatest common divisor of z and 275?
11
Let p(i) = i - 1. Let b(f) = 16*f - 8. Let x(m) = 3*b(m) - 24*p(m). Let u be x(2). Suppose -3*t + 6 = -u. Calculate the highest common factor of 18 and t.
18
Suppose 54 = 5*o + 3*l, -o + 0*l + 16 = -2*l. Suppose -o*r = -3*r - 144. Let x = -2 - -4. What is the highest common factor of r and x?
2
Suppose -7 = -3*q + 5. Suppose -q = -10*g + 36. What is the highest common factor of 12 and g?
4
Suppose 0 = -8*t - 36 + 92. Calculate the greatest common divisor of t and 3.
1
Suppose 498 = 2*c + 2*s, 2*s + 4 = 8. Calculate the highest common divisor of 114 and c.
19
Let x = -113 - -116. Let k be -1 + (-4 + x - -71). What is the highest common divisor of 23 and k?
23
Let l(m) = -2*m**2 + 7*m + 12. Let s be l(6). Let o(n) = -4*n + 33. Let q be o(s). Calculate the highest common divisor of q and 30.
15
Let y = 10 + -6. Suppose 0 = -4*u + 2*v - 9 + 149, 2*v = 5*u - 176. Calculate the greatest common divisor of u and y.
4
Suppose -15*i - 64 = -17*i. Suppose l + 0*g = 5*g + i, -5*g - 20 = 0. Let n be (-2)/(-1)*(49 - 1). Calculate the greatest common factor of n and l.
12
Suppose -3*a = -2*z - 134, 4*z + 48 = a - 0*a. Let p = 41 + -8. What is the greatest common factor of a and p?
11
Suppose 2*g - 8 = 0, 8*g - 91 = -q + 12*g. Let v = q - 42. Suppose 3*p = 2*b + p - 44, 4*p + 10 = b. What is the highest common divisor of b and v?
13
Let c = 2536 + -2498. Calculate the greatest common factor of 19 and c.
19
Let i(y) = -y**2 - 3*y + 14. Let w be i(0). Let k = w + -7. Calculate the greatest common factor of k and 91.
7
Let h(a) = -a**2 + 6*a + 1. Let u be h(3). Suppose 7*s - u*s = 6. Let d be (s/(-5))/((-1)/(-15)). What is the greatest common factor of 30 and d?
6
Let p be ((-40)/(-100))/(1/45). Calculate the highest common divisor of 192 and p.
6
Suppose -3*o = -4 + 4. Suppose o = 4*s - 7*c + 3*c - 72, 37 = 2*s - c. Let x = -1 - -20. What is the highest common divisor of x and s?
19
Let k = -10 + 7. Let y = 5 + k. Suppose 0 = 12*b + 7*b - 57. Calculate the highest common divisor of b and y.
1
Let j(c) = 16*c + 561. Let o be j(-28). Calculate the greatest common divisor of 1 and o.
1
Let z = 698 + 100. What is the greatest common divisor of z and 38?
38
Suppose 13*w = 10*w + 6. Suppose 3*s - 2 = o, o - 23 = -0*s - w*s. What is the highest common divisor of o and 104?
13
Suppose 6*f = 2*f + 12. Suppose 0 = 2*q + 4*i + 452, 4*q - i - i + 854 = 0. Let c be (q/16)/(2/(-4)). Calculate the greatest common divisor of c and f.
3
Let k(d) = 5*d - 43. Suppose 68 + 87 = 5*m. Let z be k(m). What is the greatest common factor of z and 168?
56
Suppose 15 = -0*k + 5*k. Suppose -5*u = 2*d - 24, -k*d + 8*d = 2*u + 89. Calculate the highest common divisor of 187 and d.
17
Let h be ((-4)/6)/((-8)/204). Suppose -49*c = -54*c + 340. Calculate the highest common divisor of h and c.
17
Let w(u) = -u**3 - 30*u**2 + 79*u + 22. Let c be w(-33). Calculate the greatest common divisor of 11 and c.
11
Suppose 2*n + 2*n - 24 = 0. Suppose 0*j = j + 6. Let m be (-4)/j - 710/(-15). What is the highest common factor of n and m?
6
Let n(o) = 48*o**2 + 50*o + 103. Let j be n(-2). Calculate the highest common divisor of 156 and j.
39
Suppose z + 5*c + 3 - 17 = 0, 0 = -5*z + c + 18. Suppose z*a - 28 - 180 = 0. Calculate the greatest common factor of a and 130.
26
Let q be (-10)/35 + (-44)/(-7). Let x(b) = -b**3 + 8*b**2 - 11*b - 4. Let d be x(q). Calculate the highest common divisor of d and 2.
2
Suppose -n + 28 = v, 0 = n - v - v - 40. Calculate the highest common factor of 2 and n.
2
Let q be ((-292)/(-12) - 6)*3. What is the highest common factor of q and 110?
55
Let o(h) = -4*h**3 + h. Let g be o(1). Let p(c) = -11*c. Let k be p(g). What is the greatest common divisor of k and 11?
11
Let c = 23 - -21. Calculate the highest common divisor of c and 12.
4
Suppose 42*c = 48*c - 24. Suppose -3*p - 7 = 5. Let f be (-3)/p - (-173)/4. What is the greatest common divisor of f and c?
4
Suppose 3*n = 8*n. Suppose n = -z + 5*z + 32. Let a(x) = -5*x. Let w be a(z). Calculate the greatest common factor of w and 16.
8
Suppose -3*c + 